se 13, what is 1190794b + 4?
11907952
In base 6, what is 30252 + -34320?
-4024
In base 15, what is -456 - 35d58?
-362ae
In base 12, what is -115786 + 2189?
-1135b9
In base 3, what is -2000110 + -21222000?
-100222110
In base 11, what is 3863 + -3353?
510
In base 3, what is 201220200 - 110112002?
21101121
In base 6, what is 215 - 12502044?
-12501425
In base 16, what is 24134f72 - 3?
24134f6f
In base 9, what is 35246 - 580?
34556
In base 10, what is -4 - 432974?
-432978
In base 15, what is -a8 - -5ca20?
5c967
In base 4, what is 11 + -32213333333221?
-32213333333210
In base 7, what is -13 - -21664620?
21664604
In base 11, what is 12810 - 24a?
12571
In base 14, what is b1b - -50cd8?
51a15
In base 15, what is -6e92 - -ac?
-6dd5
In base 10, what is -12323 + 2083?
-10240
In base 14, what is 133b + 19bd?
2d1a
In base 13, what is 2a - -769917?
769944
In base 11, what is 55a843a - -5?
55a8444
In base 3, what is 12000120011101 - 1020?
12000120010011
In base 6, what is -1201411400 - 14?
-1201411414
In base 14, what is -5d - -10d5c?
10cdd
In base 13, what is -16cb14 - 8?
-16cb1c
In base 14, what is -37a04 + -83b?
-38441
In base 9, what is 741 - 256300?
-255448
In base 13, what is -194b787b - 0?
-194b787b
In base 8, what is 4074312353 + 2?
4074312355
In base 3, what is 210002 - -1121001220?
1121211222
In base 7, what is 13506 + -36230?
-22421
In base 11, what is -5a19 - 241?
-615a
In base 4, what is -102 - -323211103?
323211001
In base 3, what is -12010020 - 1220200?
-21000220
In base 8, what is 362 + -23405?
-23023
In base 12, what is 4427 - 4119?
30a
In base 11, what is -585a98 - -23?
-585a75
In base 15, what is -7 + 1173056?
117304e
In base 12, what is 58 + -568?
-510
In base 3, what is 2121222 - -120202?
10012201
In base 14, what is 5 + -16731c10?
-16731c09
In base 2, what is 101101110010010101111111110 + 111?
101101110010010110000000101
In base 6, what is 1011204 - -45332?
1100540
In base 10, what is -5 - -280645068?
280645063
In base 15, what is d - -15047b6?
15047c4
In base 14, what is 3 - 29a4857a?
-29a48577
In base 9, what is -5217 - -3488?
-1618
In base 7, what is -3 + 3224366200?
3224366164
In base 12, what is 5ab - 1b6b34?
-1b6545
In base 8, what is 334604 + 2457?
337263
In base 8, what is 61 - 10276022?
-10275741
In base 4, what is -300 + -102131?
-103031
In base 4, what is -10230221001211 - 30?
-10230221001301
In base 5, what is 4 - -23404443?
23410002
In base 16, what is 3bdc4f + -b?
3bdc44
In base 5, what is 3242203 - 210120?
3032033
In base 14, what is -d2 + 328339?
328247
In base 13, what is -618 + 166c3?
160a8
In base 11, what is -5 + 8641637?
8641632
In base 2, what is -110011011101100100 + -101100110?
-110011100011001010
In base 4, what is -221013020 + 323212?
-220023202
In base 6, what is 233011 - -142514?
415525
In base 11, what is -258831492 - -1?
-258831491
In base 2, what is -1011 + 1111000110010101110?
1111000110010100011
In base 10, what is 19064 - 12281?
6783
In base 5, what is -1012401 - -1333?
-1011013
In base 7, what is -2 + -41644643?
-41644645
In base 6, what is 1112124 - -142?
1112310
In base 4, what is -3221 + 1301100?
1231213
In base 2, what is 1011 + 1110001100101101011000?
1110001100101101100011
In base 7, what is 2245111625 - -1?
2245111626
In base 3, what is 112002202000021021 + -10?
112002202000021011
In base 9, what is 7214 - 866?
6237
In base 8, what is 6 - -5021406?
5021414
In base 15, what is 7d - -d208?
d286
In base 10, what is -4 - 2854314?
-2854318
In base 6, what is 4150152015 + -4?
4150152011
In base 7, what is -464625 + -14320?
-512245
In base 10, what is -440161924 - 4?
-440161928
In base 9, what is 3138327 - 1?
3138326
In base 8, what is -76342657 - 3?
-76342662
In base 10, what is 7 - -96937?
96944
In base 12, what is -4b1 - 15698?
-15b89
In base 2, what is -10111110101 + -1001010010011?
-1100010001000
In base 9, what is -53525 - -55?
-53460
In base 15, what is d - -3463?
3471
In base 5, what is -342400300 + 30?
-342400220
In base 16, what is -1 + 67f892?
67f891
In base 8, what is -5351 + -171222?
-176573
In base 12, what is 18 + -120509?
-1204b1
In base 16, what is ebf - -850?
170f
In base 4, what is -121 - -221000102302?
221000102121
In base 10, what is 1209158 - -12?
1209170
In base 4, what is 10132211 + -11233?
10120312
In base 7, what is 111206413 + 4?
111206420
In base 15, what is 1d04 + -b78?
117b
In base 7, what is -665 + -140300?
-141265
In base 7, what is -45653 + 5230?
-40423
In base 8, what is 5 - 34107736?
-34107731
In base 3, what is 11011100220 - 12001?
11011011212
In base 13, what is 7 + -7a4449?
-7a4442
In base 4, what is 11 + -2123010020002?
-2123010013331
In base 10, what is -8951 - 133736?
-142687
In base 13, what is 7 + -1680777?
-1680770
In base 16, what is -3c1753e - -1?
-3c1753d
In base 9, what is 157384 - 70?
157314
In base 4, what is -1301030 - -1333103?
32013
In base 13, what is -95 + 160214?
16014c
In base 5, what is 42 - 4342440?
-4342343
In base 5, what is 111403012013 + 3?
111403012021
In base 12, what is 8280 + 866?
8b26
In base 2, what is 101110 + 100011101010011001011011?
100011101010011010001001
In base 6, what is 100 - -13335544?
13340044
In base 6, what is -2022 + 32134225?
32132203
In base 15, what is -140dd - -13d3?
-12c0a
In base 4, what is 1313022301032 - -3?
1313022301101
In base 15, what is 7a - b8637?
-b85ac
In base 2, what is -11000010010 + 110100000011100?
110001000001010
In base 2, what is -1 - 1100000101011100001?
-1100000101011100010
In base 7, what is -515451 + -3032?
-521513
In base 16, what is 46 - 3df10?
-3deca
In base 14, what is 126 + 33da52?
33db78
In base 14, what is 26d370 + -3a?
26d334
In base 2, what is 1011101111110 - -111100000110?
10011010000100
In base 6, what is 24 - 2001221332?
-2001221304
In base 3, what is 10 - 220110120211?
-220110120201
In base 16, what is -8fb - -5132b?
50a30
In base 13, what is 4 - 372562?
-37255b
In base 5, what is 2231114 - -34202?
2320321
In base 6, what is -25 + 115331550?
115331521
In base 7, what is 4 - 111203336?
-111203332
In base 12, what is 34422a6 + 1?
34422a7
In base 8, what is -101352 - 232?
-101604
In base 11, what is -a0914 + 29a?
-a0625
In base 13, what is 10 + 309155?
309165
In base 5, what is -303 - -1104431421?
1104431113
In base 6, what is 3 - -30504450314?
30504450321
In base 8, what is -1761 + -776?
-2757
In base 13, what is 12740 - 93?
1267a
In base 13, what is 42b7ab8 + 2?
42b7aba
In base 10, what is -3024866 + 55?
-3024811
In base 15, what is c + -1adbc?
-1adb0
In base 5, what is 313124 - -213?
313342
In base 7, what is 112 - -2255350?
2255462
In base 15, what is -8 + -1d9d7?
-1d9e0
In base 4, what is -12102 + -33333200?
-100011302
In base 7, what is 1 + 441245425?
441245426
In base 12, what is -27 + -2092172?
-2092199
In base 10, what is -1629720 + -9?
-1629729
In base 9, what is 225728202 + 8?
225728211
In base 4, what is -222122103 + 20211?
-222101232
In base 3, what is -12 - -102101002002012?
102101002002000
In base 13, what is 3c648 - -c01?
40549
In base 6, what is -13151152415 - 2?
-13151152421
In base 9, what is 21816147 + 1?
21816148
In base 13, what is 22 - 1ba758?
-1ba736
In base 13, what is -33cb01 - -110?
-33c9c1
In base 8, what is 3 + -13757375?
-13757372
In base 9, what is -1015 + -713566?
-714582
In base 7, what is -13 + -1153552?
-1153565
In base 15, what is 16da + -93a?
ca0
In base 12, what is 10039a3b - 1?
10039a3a
In base 12, what is 25 - -129268?
129291
In base 6, what is -1303 - -55414?
54111
In base 8, what is 1 + 6565264?
6565265
In base 5, what is 10220 - 12203210?
-12142440
In base 13, what is 16c1 + -18?
16a6
In base 12, what is -3b5644a + -2?
-3b56450
In base 13, what is -2 + b42a10?
b42a0b
In base 5, what is -11 + 1300230003?
1300224442
In base 6, what is 1104204420 - 4?
1104204412
In base 7, what is 46201 - 445340?
-366136
In base 15, what is -2b - dab962?
-dab98d
In base 8, what is 6500 - -17117?
25617
In base 4, what is -2333001011 - -20001?
-2332321010
In base 14, what is 15a92 + 1c5?
15c77
In base 8, what is 2654137143 - 3?
2654137140
In base 14, what is 1c49518 - -2?
1c4951a
In base 6, what is 44453303 - 1?
44453302
In base 3, what is -102122211011122110 + -10?
-102122211011122120
In base 11, what is -2 - -2722672?
2722670
In base 8, what is -1066143 - 1